{"id":1105,"date":"2019-11-19T10:02:03","date_gmt":"2019-11-19T15:02:03","guid":{"rendered":"https:\/\/www.sadchsf.com\/?page_id=1105"},"modified":"2019-11-19T16:32:44","modified_gmt":"2019-11-19T21:32:44","slug":"support-for-your-projects","status":"publish","type":"page","link":"https:\/\/www.sadchsf.com\/en\/support-for-your-projects\/","title":{"rendered":"Support for your projects"},"content":{"rendered":"<div class=\"wpb-content-wrapper\"><p>[vc_row css_animation=&#8221;&#8221; row_type=&#8221;row&#8221; use_row_as_full_screen_section=&#8221;no&#8221; type=&#8221;full_width&#8221; angled_section=&#8221;no&#8221; text_align=&#8221;left&#8221; background_image_as_pattern=&#8221;without_pattern&#8221; z_index=&#8221;&#8221;][vc_column][vc_row_inner row_type=&#8221;row&#8221; type=&#8221;grid&#8221; text_align=&#8221;left&#8221; css_animation=&#8221;&#8221;][vc_column_inner css=&#8221;.vc_custom_1569874352940{padding-top: 50px !important;}&#8221;][vc_column_text]The SADC is taking an active part in the Haut-Saint-Fran\u00e7ois&#8217;s development; to achieve this goal, we support the region\u2019s organizations and committees that are striving to improve the quality of life in the Haut-Saint-Fran\u00e7ois.<\/p>\n<p>Early on, the SADC got involved with youth by taking part in entrepreneurship outreach initiatives. For over a decade, we coordinated the youth entrepreneurship summer camps. The SADC is also active in offering training opportunities to business owners.[\/vc_column_text][vc_empty_space][\/vc_column_inner][\/vc_row_inner][vc_row_inner row_type=&#8221;row&#8221; type=&#8221;grid&#8221; text_align=&#8221;left&#8221; css_animation=&#8221;&#8221;][vc_column_inner width=&#8221;1\/3&#8243;][vc_column_text]<\/p>\n<h2><strong>Here are a few local projects involving the SADC:<\/strong><\/h2>\n<p>[\/vc_column_text][vc_empty_space][\/vc_column_inner][vc_column_inner width=&#8221;1\/3&#8243;][vc_column_text]<\/p>\n<h3>DGI and DARE the Haut<\/h3>\n<p>The D\u00e9marche globale int\u00e9gr\u00e9e (DGI) of the Haut-Saint-Fran\u00e7ois, or comprehensive and integrated approach, is a concerted effort between different organizations operating in the region with a common goal to improve the population\u2019s quality of life.<\/p>\n<p>The DGI gave birth to <strong>DARE the Haut<\/strong>, a strategy aiming to reinforce the sense of belonging while attracting people and improving the quality of life in the Haut-Saint-Fran\u00e7ois.[\/vc_column_text][vc_empty_space][vc_single_image image=&#8221;925&#8243; img_size=&#8221;full&#8221; qode_css_animation=&#8221;&#8221;][vc_empty_space][\/vc_column_inner][vc_column_inner width=&#8221;1\/3&#8243;][vc_column_text]<\/p>\n<h3><b>CIEC<\/b><\/h3>\n<p>Formerly known as Coop\u00e9rative jeunesse de service, the Coop\u00e9rative d\u2019initiation \u00e0 l\u2019entrepreneuriat collectif (or collective entrepreneurship learning coop) is an initiative led by the Carrefour jeunesse-emploi (CJE). The SADC is involved in this project as a member of the local committee. Through the CIEC, young people aged 12 to 17 years old can explore collective entrepreneurship by creating a coop for the summer season. Mentored by the CJE, youth learn about management with a board of directors, promoting and marketing their business, accounting and more.[\/vc_column_text][vc_empty_space][vc_single_image image=&#8221;927&#8243; img_size=&#8221;full&#8221; onclick=&#8221;custom_link&#8221; img_link_target=&#8221;_blank&#8221; qode_css_animation=&#8221;&#8221; link=&#8221;https:\/\/www.cjehsf.qc.ca\/&#8221;][vc_empty_space][vc_single_image image=&#8221;928&#8243; img_size=&#8221;full&#8221; onclick=&#8221;custom_link&#8221; img_link_target=&#8221;_blank&#8221; qode_css_animation=&#8221;&#8221; link=&#8221;https:\/\/www.cqcm.coop\/microsites\/coop-dinitiation-a-lentrepreneuriat-collectif\/&#8221;][vc_empty_space][\/vc_column_inner][\/vc_row_inner][vc_row_inner row_type=&#8221;row&#8221; type=&#8221;grid&#8221; text_align=&#8221;left&#8221; css_animation=&#8221;&#8221;][vc_column_inner width=&#8221;1\/3&#8243;][vc_column_text]<\/p>\n<h3>The Cit\u00e9-\u00e9cole\u2019s Follow-up Committee<\/h3>\n<p>The Comit\u00e9 de suivi Cit\u00e9-\u00e9cole supports the core mission of the Cit\u00e9-\u00e9cole initiative by maintaining the Polyvalente Louis-Saint-Laurent\u2019s relationship with the community. The follow-up committee occasionally organizes events held at the high school to raise teacher awareness about life in the Haut-Saint-Fran\u00e7ois and reinforce the student\u2019s sense of belonging.[\/vc_column_text][vc_empty_space][vc_single_image image=&#8221;926&#8243; img_size=&#8221;full&#8221; onclick=&#8221;custom_link&#8221; img_link_target=&#8221;_blank&#8221; qode_css_animation=&#8221;&#8221; link=&#8221;https:\/\/louisstlaurent.cshc.qc.ca\/&#8221;][vc_empty_space][\/vc_column_inner][vc_column_inner width=&#8221;1\/3&#8243;][vc_column_text]<\/p>\n<h3><b>Place aux jeunes <strong>(Make Way for YOUth)<\/strong><\/b><\/h3>\n<p>The SADC has been a partner of Make Way for YOUth since its inception in the Haut-Saint-Fran\u00e7ois. As a member of the local committee, the SADC collaborates in organizing exploratory weekends. A Happy Hour event themed on entrepreneurial pride is organized every year in collaboration with Make Way for YOUth. This event is an opportunity for exploratory weekend participants to meet with dynamic Haut-Saint-Fran\u00e7ois business owners.[\/vc_column_text][vc_empty_space][vc_single_image image=&#8221;929&#8243; img_size=&#8221;full&#8221; onclick=&#8221;custom_link&#8221; img_link_target=&#8221;_blank&#8221; qode_css_animation=&#8221;&#8221; link=&#8221;https:\/\/placeauxjeunes.qc.ca\/mrc-410-emplois&#8221;][vc_empty_space][\/vc_column_inner][vc_column_inner width=&#8221;1\/3&#8243;][vc_column_text]<\/p>\n<h3><strong>Services Continuum and Basic Landmarks (carnet de rep\u00e8res)<\/strong><\/h3>\n<p>The SADC collaborates with the communication committee of the <a href=\"https:\/\/espritdecontinuum.com\/\" target=\"_blank\" rel=\"noopener noreferrer\">services continuum<\/a> (Continuum de services du Haut-Saint-Fran\u00e7ois). The continuum\u2019s goal is to coach people on their journey towards integration. What makes the Haut-Saint-Fran\u00e7ois\u2019s approach distinctively different is the collaboration of stakeholders from all sectors combined.[\/vc_column_text][vc_empty_space][\/vc_column_inner][\/vc_row_inner][vc_empty_space][vc_separator type=&#8221;normal&#8221; color=&#8221;#eaeaea&#8221; thickness=&#8221;2&#8243; up=&#8221;40&#8243; down=&#8221;40&#8243;][\/vc_column][\/vc_row]<\/p>\n<\/div>","protected":false},"excerpt":{"rendered":"<p>[vc_row css_animation=&#8221;&#8221; row_type=&#8221;row&#8221; use_row_as_full_screen_section=&#8221;no&#8221; type=&#8221;full_width&#8221; angled_section=&#8221;no&#8221; text_align=&#8221;left&#8221; background_image_as_pattern=&#8221;without_pattern&#8221; z_index=&#8221;&#8221;][vc_column][vc_row_inner row_type=&#8221;row&#8221; type=&#8221;grid&#8221; text_align=&#8221;left&#8221; css_animation=&#8221;&#8221;][vc_column_inner css=&#8221;.vc_custom_1569874352940{padding-top: 50px !important;}&#8221;][vc_column_text]The SADC is taking an active part in the Haut-Saint-Fran\u00e7ois&#8217;s development; to achieve this goal, we support the region\u2019s organizations and committees that are striving to improve the quality of&#8230;<\/p>\n","protected":false},"author":1,"featured_media":0,"parent":0,"menu_order":0,"comment_status":"closed","ping_status":"closed","template":"full_width.php","meta":{"_monsterinsights_skip_tracking":false,"_monsterinsights_sitenote_active":false,"_monsterinsights_sitenote_note":"","_monsterinsights_sitenote_category":0,"footnotes":""},"class_list":["post-1105","page","type-page","status-publish","hentry"],"yoast_head":"<!-- This site is optimized with the Yoast SEO plugin v26.9 - https:\/\/yoast.com\/product\/yoast-seo-wordpress\/ -->\n<title>Support for your projects - SADC du Haut-Saint-Fran\u00e7ois<\/title>\n<meta name=\"robots\" content=\"index, follow, max-snippet:-1, max-image-preview:large, max-video-preview:-1\" \/>\n<link rel=\"canonical\" href=\"https:\/\/www.sadchsf.com\/en\/support-for-your-projects\/\" \/>\n<meta property=\"og:locale\" content=\"en_US\" \/>\n<meta property=\"og:type\" content=\"article\" \/>\n<meta property=\"og:title\" content=\"Support for your projects - SADC du Haut-Saint-Fran\u00e7ois\" \/>\n<meta property=\"og:description\" content=\"[vc_row css_animation=&#8221;&#8221; row_type=&#8221;row&#8221; use_row_as_full_screen_section=&#8221;no&#8221; type=&#8221;full_width&#8221; angled_section=&#8221;no&#8221; text_align=&#8221;left&#8221; background_image_as_pattern=&#8221;without_pattern&#8221; z_index=&#8221;&#8221;][vc_column][vc_row_inner row_type=&#8221;row&#8221; type=&#8221;grid&#8221; text_align=&#8221;left&#8221; css_animation=&#8221;&#8221;][vc_column_inner css=&#8221;.vc_custom_1569874352940{padding-top: 50px !important;}&#8221;][vc_column_text]The SADC is taking an active part in the Haut-Saint-Fran\u00e7ois&#8217;s development; to achieve this goal, we support the region\u2019s organizations and committees that are striving to improve the quality of...\" \/>\n<meta property=\"og:url\" content=\"https:\/\/www.sadchsf.com\/en\/support-for-your-projects\/\" \/>\n<meta property=\"og:site_name\" content=\"SADC du Haut-Saint-Fran\u00e7ois\" \/>\n<meta property=\"article:modified_time\" content=\"2019-11-19T21:32:44+00:00\" \/>\n<meta name=\"twitter:card\" content=\"summary_large_image\" \/>\n<meta name=\"twitter:label1\" content=\"Est. reading time\" \/>\n\t<meta name=\"twitter:data1\" content=\"4 minutes\" \/>\n<script type=\"application\/ld+json\" class=\"yoast-schema-graph\">{\"@context\":\"https:\/\/schema.org\",\"@graph\":[{\"@type\":\"WebPage\",\"@id\":\"https:\/\/www.sadchsf.com\/en\/support-for-your-projects\/\",\"url\":\"https:\/\/www.sadchsf.com\/en\/support-for-your-projects\/\",\"name\":\"Support for your projects - SADC du Haut-Saint-Fran\u00e7ois\",\"isPartOf\":{\"@id\":\"https:\/\/www.sadchsf.com\/en\/#website\"},\"datePublished\":\"2019-11-19T15:02:03+00:00\",\"dateModified\":\"2019-11-19T21:32:44+00:00\",\"breadcrumb\":{\"@id\":\"https:\/\/www.sadchsf.com\/en\/support-for-your-projects\/#breadcrumb\"},\"inLanguage\":\"en-US\",\"potentialAction\":[{\"@type\":\"ReadAction\",\"target\":[\"https:\/\/www.sadchsf.com\/en\/support-for-your-projects\/\"]}]},{\"@type\":\"BreadcrumbList\",\"@id\":\"https:\/\/www.sadchsf.com\/en\/support-for-your-projects\/#breadcrumb\",\"itemListElement\":[{\"@type\":\"ListItem\",\"position\":1,\"name\":\"Accueil\",\"item\":\"https:\/\/www.sadchsf.com\/en\/\"},{\"@type\":\"ListItem\",\"position\":2,\"name\":\"Support for your projects\"}]},{\"@type\":\"WebSite\",\"@id\":\"https:\/\/www.sadchsf.com\/en\/#website\",\"url\":\"https:\/\/www.sadchsf.com\/en\/\",\"name\":\"SADC du Haut-Saint-Fran\u00e7ois\",\"description\":\"Just another WordPress site\",\"potentialAction\":[{\"@type\":\"SearchAction\",\"target\":{\"@type\":\"EntryPoint\",\"urlTemplate\":\"https:\/\/www.sadchsf.com\/en\/?s={search_term_string}\"},\"query-input\":{\"@type\":\"PropertyValueSpecification\",\"valueRequired\":true,\"valueName\":\"search_term_string\"}}],\"inLanguage\":\"en-US\"}]}<\/script>\n<!-- \/ Yoast SEO plugin. -->","yoast_head_json":{"title":"Support for your projects - SADC du Haut-Saint-Fran\u00e7ois","robots":{"index":"index","follow":"follow","max-snippet":"max-snippet:-1","max-image-preview":"max-image-preview:large","max-video-preview":"max-video-preview:-1"},"canonical":"https:\/\/www.sadchsf.com\/en\/support-for-your-projects\/","og_locale":"en_US","og_type":"article","og_title":"Support for your projects - SADC du Haut-Saint-Fran\u00e7ois","og_description":"[vc_row css_animation=&#8221;&#8221; row_type=&#8221;row&#8221; use_row_as_full_screen_section=&#8221;no&#8221; type=&#8221;full_width&#8221; angled_section=&#8221;no&#8221; text_align=&#8221;left&#8221; background_image_as_pattern=&#8221;without_pattern&#8221; z_index=&#8221;&#8221;][vc_column][vc_row_inner row_type=&#8221;row&#8221; type=&#8221;grid&#8221; text_align=&#8221;left&#8221; css_animation=&#8221;&#8221;][vc_column_inner css=&#8221;.vc_custom_1569874352940{padding-top: 50px !important;}&#8221;][vc_column_text]The SADC is taking an active part in the Haut-Saint-Fran\u00e7ois&#8217;s development; to achieve this goal, we support the region\u2019s organizations and committees that are striving to improve the quality of...","og_url":"https:\/\/www.sadchsf.com\/en\/support-for-your-projects\/","og_site_name":"SADC du Haut-Saint-Fran\u00e7ois","article_modified_time":"2019-11-19T21:32:44+00:00","twitter_card":"summary_large_image","twitter_misc":{"Est. reading time":"4 minutes"},"schema":{"@context":"https:\/\/schema.org","@graph":[{"@type":"WebPage","@id":"https:\/\/www.sadchsf.com\/en\/support-for-your-projects\/","url":"https:\/\/www.sadchsf.com\/en\/support-for-your-projects\/","name":"Support for your projects - SADC du Haut-Saint-Fran\u00e7ois","isPartOf":{"@id":"https:\/\/www.sadchsf.com\/en\/#website"},"datePublished":"2019-11-19T15:02:03+00:00","dateModified":"2019-11-19T21:32:44+00:00","breadcrumb":{"@id":"https:\/\/www.sadchsf.com\/en\/support-for-your-projects\/#breadcrumb"},"inLanguage":"en-US","potentialAction":[{"@type":"ReadAction","target":["https:\/\/www.sadchsf.com\/en\/support-for-your-projects\/"]}]},{"@type":"BreadcrumbList","@id":"https:\/\/www.sadchsf.com\/en\/support-for-your-projects\/#breadcrumb","itemListElement":[{"@type":"ListItem","position":1,"name":"Accueil","item":"https:\/\/www.sadchsf.com\/en\/"},{"@type":"ListItem","position":2,"name":"Support for your projects"}]},{"@type":"WebSite","@id":"https:\/\/www.sadchsf.com\/en\/#website","url":"https:\/\/www.sadchsf.com\/en\/","name":"SADC du Haut-Saint-Fran\u00e7ois","description":"Just another WordPress site","potentialAction":[{"@type":"SearchAction","target":{"@type":"EntryPoint","urlTemplate":"https:\/\/www.sadchsf.com\/en\/?s={search_term_string}"},"query-input":{"@type":"PropertyValueSpecification","valueRequired":true,"valueName":"search_term_string"}}],"inLanguage":"en-US"}]}},"_links":{"self":[{"href":"https:\/\/www.sadchsf.com\/en\/wp-json\/wp\/v2\/pages\/1105","targetHints":{"allow":["GET"]}}],"collection":[{"href":"https:\/\/www.sadchsf.com\/en\/wp-json\/wp\/v2\/pages"}],"about":[{"href":"https:\/\/www.sadchsf.com\/en\/wp-json\/wp\/v2\/types\/page"}],"author":[{"embeddable":true,"href":"https:\/\/www.sadchsf.com\/en\/wp-json\/wp\/v2\/users\/1"}],"replies":[{"embeddable":true,"href":"https:\/\/www.sadchsf.com\/en\/wp-json\/wp\/v2\/comments?post=1105"}],"version-history":[{"count":6,"href":"https:\/\/www.sadchsf.com\/en\/wp-json\/wp\/v2\/pages\/1105\/revisions"}],"predecessor-version":[{"id":1236,"href":"https:\/\/www.sadchsf.com\/en\/wp-json\/wp\/v2\/pages\/1105\/revisions\/1236"}],"wp:attachment":[{"href":"https:\/\/www.sadchsf.com\/en\/wp-json\/wp\/v2\/media?parent=1105"}],"curies":[{"name":"wp","href":"https:\/\/api.w.org\/{rel}","templated":true}]}}

<div class="wpb-content-wrapper"><p>[vc_row css_animation=&#8221;&#8221; row_type=&#8221;row&#8221; use_row_as_full_screen_section=&#8221;no&#8221; type=&#8221;full_width&#8221; angled_section=&#8221;no&#8221; text_align=&#8221;left&#8221; background_image_as_pattern=&#8221;without_pattern&#8221; z_index=&#8221;&#8221;][vc_column][vc_row_inner row_type=&#8221;row&#8221; type=&#8221;grid&#8221; text_align=&#8221;left&#8221; css_animation=&#8221;&#8221;][vc_column_inner css=&#8221;.vc_custom_1569874352940{padding-top: 50px !important;}&#8221;][vc_column_text]The SADC is taking an active part in the Haut-Saint-François&#8217;s development; to achieve this goal, we support the region’s organizations and committees that are striving to improve the quality of life in the Haut-Saint-François.</p>
<p>Early on, the SADC got involved with youth by taking part in entrepreneurship outreach initiatives. For over a decade, we coordinated the youth entrepreneurship summer camps. The SADC is also active in offering training opportunities to business owners.[/vc_column_text][vc_empty_space][/vc_column_inner][/vc_row_inner][vc_row_inner row_type=&#8221;row&#8221; type=&#8221;grid&#8221; text_align=&#8221;left&#8221; css_animation=&#8221;&#8221;][vc_column_inner width=&#8221;1/3&#8243;][vc_column_text]</p>
<h2><strong>Here are a few local projects involving the SADC:</strong></h2>
<p>[/vc_column_text][vc_empty_space][/vc_column_inner][vc_column_inner width=&#8221;1/3&#8243;][vc_column_text]</p>
<h3>DGI and DARE the Haut</h3>
<p>The Démarche globale intégrée (DGI) of the Haut-Saint-François, or comprehensive and integrated approach, is a concerted effort between different organizations operating in the region with a common goal to improve the population’s quality of life.</p>
<p>The DGI gave birth to <strong>DARE the Haut</strong>, a strategy aiming to reinforce the sense of belonging while attracting people and improving the quality of life in the Haut-Saint-François.[/vc_column_text][vc_empty_space][vc_single_image image=&#8221;925&#8243; img_size=&#8221;full&#8221; qode_css_animation=&#8221;&#8221;][vc_empty_space][/vc_column_inner][vc_column_inner width=&#8221;1/3&#8243;][vc_column_text]</p>
<h3><b>CIEC</b></h3>
<p>Formerly known as Coopérative jeunesse de service, the Coopérative d’initiation à l’entrepreneuriat collectif (or collective entrepreneurship learning coop) is an initiative led by the Carrefour jeunesse-emploi (CJE). The SADC is involved in this project as a member of the local committee. Through the CIEC, young people aged 12 to 17 years old can explore collective entrepreneurship by creating a coop for the summer season. Mentored by the CJE, youth learn about management with a board of directors, promoting and marketing their business, accounting and more.[/vc_column_text][vc_empty_space][vc_single_image image=&#8221;927&#8243; img_size=&#8221;full&#8221; onclick=&#8221;custom_link&#8221; img_link_target=&#8221;_blank&#8221; qode_css_animation=&#8221;&#8221; link=&#8221;https://www.cjehsf.qc.ca/&#8221;][vc_empty_space][vc_single_image image=&#8221;928&#8243; img_size=&#8221;full&#8221; onclick=&#8221;custom_link&#8221; img_link_target=&#8221;_blank&#8221; qode_css_animation=&#8221;&#8221; link=&#8221;https://www.cqcm.coop/microsites/coop-dinitiation-a-lentrepreneuriat-collectif/&#8221;][vc_empty_space][/vc_column_inner][/vc_row_inner][vc_row_inner row_type=&#8221;row&#8221; type=&#8221;grid&#8221; text_align=&#8221;left&#8221; css_animation=&#8221;&#8221;][vc_column_inner width=&#8221;1/3&#8243;][vc_column_text]</p>
<h3>The Cité-école’s Follow-up Committee</h3>
<p>The Comité de suivi Cité-école supports the core mission of the Cité-école initiative by maintaining the Polyvalente Louis-Saint-Laurent’s relationship with the community. The follow-up committee occasionally organizes events held at the high school to raise teacher awareness about life in the Haut-Saint-François and reinforce the student’s sense of belonging.[/vc_column_text][vc_empty_space][vc_single_image image=&#8221;926&#8243; img_size=&#8221;full&#8221; onclick=&#8221;custom_link&#8221; img_link_target=&#8221;_blank&#8221; qode_css_animation=&#8221;&#8221; link=&#8221;https://louisstlaurent.cshc.qc.ca/&#8221;][vc_empty_space][/vc_column_inner][vc_column_inner width=&#8221;1/3&#8243;][vc_column_text]</p>
<h3><b>Place aux jeunes <strong>(Make Way for YOUth)</strong></b></h3>
<p>The SADC has been a partner of Make Way for YOUth since its inception in the Haut-Saint-François. As a member of the local committee, the SADC collaborates in organizing exploratory weekends. A Happy Hour event themed on entrepreneurial pride is organized every year in collaboration with Make Way for YOUth. This event is an opportunity for exploratory weekend participants to meet with dynamic Haut-Saint-François business owners.[/vc_column_text][vc_empty_space][vc_single_image image=&#8221;929&#8243; img_size=&#8221;full&#8221; onclick=&#8221;custom_link&#8221; img_link_target=&#8221;_blank&#8221; qode_css_animation=&#8221;&#8221; link=&#8221;https://placeauxjeunes.qc.ca/mrc-410-emplois&#8221;][vc_empty_space][/vc_column_inner][vc_column_inner width=&#8221;1/3&#8243;][vc_column_text]</p>
<h3><strong>Services Continuum and Basic Landmarks (carnet de repères)</strong></h3>
<p>The SADC collaborates with the communication committee of the <a href="https://espritdecontinuum.com/" target="_blank" rel="noopener noreferrer">services continuum</a> (Continuum de services du Haut-Saint-François). The continuum’s goal is to coach people on their journey towards integration. What makes the Haut-Saint-François’s approach distinctively different is the collaboration of stakeholders from all sectors combined.[/vc_column_text][vc_empty_space][/vc_column_inner][/vc_row_inner][vc_empty_space][vc_separator type=&#8221;normal&#8221; color=&#8221;#eaeaea&#8221; thickness=&#8221;2&#8243; up=&#8221;40&#8243; down=&#8221;40&#8243;][/vc_column][/vc_row]</p>
</div>

<p>[vc_row css_animation=&#8221;&#8221; row_type=&#8221;row&#8221; use_row_as_full_screen_section=&#8221;no&#8221; type=&#8221;full_width&#8221; angled_section=&#8221;no&#8221; text_align=&#8221;left&#8221; background_image_as_pattern=&#8221;without_pattern&#8221; z_index=&#8221;&#8221;][vc_column][vc_row_inner row_type=&#8221;row&#8221; type=&#8221;grid&#8221; text_align=&#8221;left&#8221; css_animation=&#8221;&#8221;][vc_column_inner css=&#8221;.vc_custom_1569874352940{padding-top: 50px !important;}&#8221;][vc_column_text]The SADC is taking an active part in the Haut-Saint-François&#8217;s development; to achieve this goal, we support the region’s organizations and committees that are striving to improve the quality of&#8230;</p>

<!-- This site is optimized with the Yoast SEO plugin v26.9 - https://yoast.com/product/yoast-seo-wordpress/ -->
<title>Support for your projects - SADC du Haut-Saint-François</title>
<meta name="robots" content="index, follow, max-snippet:-1, max-image-preview:large, max-video-preview:-1" />
<link rel="canonical" href="https://www.sadchsf.com/en/support-for-your-projects/" />
<meta property="og:locale" content="en_US" />
<meta property="og:type" content="article" />
<meta property="og:title" content="Support for your projects - SADC du Haut-Saint-François" />
<meta property="og:description" content="[vc_row css_animation=&#8221;&#8221; row_type=&#8221;row&#8221; use_row_as_full_screen_section=&#8221;no&#8221; type=&#8221;full_width&#8221; angled_section=&#8221;no&#8221; text_align=&#8221;left&#8221; background_image_as_pattern=&#8221;without_pattern&#8221; z_index=&#8221;&#8221;][vc_column][vc_row_inner row_type=&#8221;row&#8221; type=&#8221;grid&#8221; text_align=&#8221;left&#8221; css_animation=&#8221;&#8221;][vc_column_inner css=&#8221;.vc_custom_1569874352940{padding-top: 50px !important;}&#8221;][vc_column_text]The SADC is taking an active part in the Haut-Saint-François&#8217;s development; to achieve this goal, we support the region’s organizations and committees that are striving to improve the quality of..." />
<meta property="og:url" content="https://www.sadchsf.com/en/support-for-your-projects/" />
<meta property="og:site_name" content="SADC du Haut-Saint-François" />
<meta property="article:modified_time" content="2019-11-19T21:32:44+00:00" />
<meta name="twitter:card" content="summary_large_image" />
<meta name="twitter:label1" content="Est. reading time" />
	<meta name="twitter:data1" content="4 minutes" />
<script type="application/ld+json" class="yoast-schema-graph">{"@context":"https://schema.org","@graph":[{"@type":"WebPage","@id":"https://www.sadchsf.com/en/support-for-your-projects/","url":"https://www.sadchsf.com/en/support-for-your-projects/","name":"Support for your projects - SADC du Haut-Saint-François","isPartOf":{"@id":"https://www.sadchsf.com/en/#website"},"datePublished":"2019-11-19T15:02:03+00:00","dateModified":"2019-11-19T21:32:44+00:00","breadcrumb":{"@id":"https://www.sadchsf.com/en/support-for-your-projects/#breadcrumb"},"inLanguage":"en-US","potentialAction":[{"@type":"ReadAction","target":["https://www.sadchsf.com/en/support-for-your-projects/"]}]},{"@type":"BreadcrumbList","@id":"https://www.sadchsf.com/en/support-for-your-projects/#breadcrumb","itemListElement":[{"@type":"ListItem","position":1,"name":"Accueil","item":"https://www.sadchsf.com/en/"},{"@type":"ListItem","position":2,"name":"Support for your projects"}]},{"@type":"WebSite","@id":"https://www.sadchsf.com/en/#website","url":"https://www.sadchsf.com/en/","name":"SADC du Haut-Saint-François","description":"Just another WordPress site","potentialAction":[{"@type":"SearchAction","target":{"@type":"EntryPoint","urlTemplate":"https://www.sadchsf.com/en/?s={search_term_string}"},"query-input":{"@type":"PropertyValueSpecification","valueRequired":true,"valueName":"search_term_string"}}],"inLanguage":"en-US"}]}</script>
<!-- / Yoast SEO plugin. -->

Support for your projects - SADC du Haut-Saint-François

[vc_row css_animation=&#8221;&#8221; row_type=&#8221;row&#8221; use_row_as_full_screen_section=&#8221;no&#8221; type=&#8221;full_width&#8221; angled_section=&#8221;no&#8221; text_align=&#8221;left&#8221; background_image_as_pattern=&#8221;without_pattern&#8221; z_index=&#8221;&#8221;][vc_column][vc_row_inner row_type=&#8221;row&#8221; type=&#8221;grid&#8221; text_align=&#8221;left&#8221; css_animation=&#8221;&#8221;][vc_column_inner css=&#8221;.vc_custom_1569874352940{padding-top: 50px !important;}&#8221;][vc_column_text]The SADC is taking an active part in the Haut-Saint-François&#8217;s development; to achieve this goal, we support the region’s organizations and committees that are striving to improve the quality of...

SADC du Haut-Saint-François
